. What is the units digit of b?
8
Suppose 2*x = 4*x - 2*l + 404, 4*l + 182 = -x. Let s = x + 305. Suppose -2*u - 44 - s = -z, 626 = 4*z + 3*u. What is the hundreds digit of z?
1
Let o = -428 - -440. Suppose -o*b - 5160 = -24*b. What is the hundreds digit of b?
4
Suppose -4*t - 4 - 2 = 3*o, -2*t - 4*o = 8. What is the tens digit of (t/6)/6 - -1*702?
0
Let g be (54/4 + 0)*(-40)/6. Let q = -67 - g. Suppose 17 = -22*z + q*z. What is the tens digit of z?
1
Let m be (-11 + 10)/(3/(4 - -56)). What is the tens digit of m - -16 - (-181 - (-2 + 4))?
7
Let w(f) = -97*f**3 - 3*f**2 + f + 2. Let y be w(-2). Let d = -288 + y. What is the units digit of d?
6
Let t be 18/15 - 1808/40. What is the thousands digit of ((-15972)/t)/((-6)/(-22))?
1
Let m be (-1740)/9 - (-16)/(-24). Let x = m - 2. Let j = x + 324. What is the tens digit of j?
2
What is the tens digit of 2 + 20/(-11) + (-33526944)/(-3872)?
5
What is the units digit of 1350 - -5*(7 - 5)?
0
Suppose 5*j + 3*x - 42 = 4*j, -2*x - 98 = -4*j. What is the units digit of -3*(4/(-6))/(18/j)?
3
Let c be 9/((-9)/494) - 2. Let k = c + 869. Suppose -5*n = -k - 112. What is the units digit of n?
7
Let l = 12731 + -5199. What is the thousands digit of l?
7
Suppose 16*v + 127 = -161. What is the tens digit of 46634/63 - (-4)/v?
4
Let b = 43330 - 20372. What is the thousands digit of b?
2
Let d(w) = 6*w**2 + 126*w + 1105. What is the units digit of d(-44)?
7
What is the thousands digit of 1430/572*42/(-10)*21354/(-9)?
4
Let z = -534 + 165. Let u = z + 1427. What is the thousands digit of u?
1
Suppose 364*s = 356*s + 3328. Suppose s = -4*o + 3864. What is the tens digit of o?
6
Let r(x) = x**3 - 109*x**2 + 248*x + 494. What is the ten thousands digit of r(109)?
2
Suppose -k - 1 = -14. Suppose -2*n = 5*u - 17 - k, 0 = -3*u + 4*n - 8. Suppose 0 = u*l - 17 - 207. What is the units digit of l?
6
What is the hundreds digit of (-57309)/(8 + 437/(-46))?
2
Let z(d) = -6*d**2 + 37*d - 3. Let f be z(6). Suppose 0 = c + f*l - 134, 5*c = 2*l + 229 + 356. What is the units digit of c?
9
Suppose -599*h = -592*h - 8435. Suppose -8*j + 2195 = -h. What is the tens digit of j?
2
Suppose 10*z = 12241 - 3751. Suppose 2904 = 855*p - z*p. What is the units digit of p?
4
Let k(z) = 2*z**2 - 2*z - 5. Let h be k(0). Let b = 103 + -28. What is the tens digit of (-2)/h + 3345/b?
4
Suppose 0 = -r + 9*j - 6*j + 1962, 0 = -r - 3*j + 1986. Suppose -12*p = 2*w - 15*p - 1299, 3*w = -4*p + r. What is the tens digit of w?
5
Let g(r) = -33*r - 162. Let o be g(-5). Suppose 5*b = -f + 369, 4*f - 2*f = o*b + 751. What is the units digit of f?
4
Suppose 4053*q + 159354 = 4071*q. What is the hundreds digit of q?
8
Let q = 101 - 56. Suppose s + 27 = q. Suppose -4*b = -4*z - 184, -2*b + s + 77 = -z. What is the units digit of b?
9
Let j(i) be the third derivative of 7*i**5/20 - 5*i**4/24 - 7*i**3/6 + 3*i**2 + 37. Let x = -25 + 22. What is the tens digit of j(x)?
9
Let q(t) = 706*t**2 + 1073*t - 5341. What is the ten thousands digit of q(5)?
1
Let q(f) = -1151*f - 9958. What is the thousands digit of q(-51)?
8
Let d(s) = s**3 + 2*s**2 - s + 16. Let o be d(0). Let f = o - 9. Suppose 0 = v - f*v + 1368. What is the hundreds digit of v?
2
Let l = -64 + 141. Let v = l + -74. Suppose 0*y - y + 5*g + 55 = 0, v*g = -12. What is the units digit of y?
5
Let y = -145 + 236. Suppose 4*m = y + 65. Let p = 40 + m. What is the units digit of p?
9
Let c = -205 + 210. Suppose -c*s + a + 1706 = 0, 8*s = 12*s - 4*a - 1352. What is the tens digit of s?
4
Let w = -12995 + 33831. What is the thousands digit of w?
0
Suppose -43*f + 94*f + 74*f - 8442125 = 0. What is the tens digit of f?
3
Suppose -3*w = -3*d - 3, 0 = 2*d + w + 2*w - 8. Let m be 1 + (d - -2) - 4. Suppose m*a + 5*a - 5*v = 230, v = -a + 38. What is the units digit of a?
2
Let j = -131 - -146. What is the tens digit of (93/j + -2)*60?
5
Suppose -y - 5 = -2*f, 4*f + 10 = 7*y - 9*y. Let x = 593 + f. What is the tens digit of x?
9
Suppose 8*p = -1399 - 6745. Let g = p - -1433. Let n = g - 282. What is the units digit of n?
3
Let s = 38997 - 22743. What is the hundreds digit of s?
2
Suppose 13169 = c - 14*c. Let j = c + 1523. What is the tens digit of j?
1
Suppose -v = -8*q + 5*q - 1156, -2 = -q. Suppose -i + v = 3*i - 3*n, 2*i = 2*n + 582. What is the tens digit of i?
8
Let b = 20 - -8. Let f = b - 26. What is the tens digit of f*12/(-16)*56/(-6)?
1
Let j be -203 + (3 - 6) + 4. Let f = 306 + j. What is the hundreds digit of f?
1
Let l(f) = 2794*f - 2395. What is the hundreds digit of l(3)?
9
Let u = 26197 - 11486. What is the thousands digit of u?
4
Suppose 2*k + 8 = 4*v + 28, v - 2 = 4*k. Let c(y) be the first derivative of -25*y**2/2 - 24*y + 113. What is the units digit of c(v)?
6
Suppose 0 = -h + 3*h - 12. Let c be h/(-4)*24/(-18). Suppose -6*x + 87 = c*f - 3*x, -4*f - 5*x = -169. What is the units digit of f?
6
Let h = 1485 + -2554. Let x = h + 2281. What is the hundreds digit of x?
2
Suppose 5*a - 416664 = 50*a - 2149434. What is the tens digit of a?
0
Let q be ((-12)/(-4))/((-3)/52). Suppose 0 = -4*x + 5*z - 337, -2*x - 173 = -4*z + 3*z. Let h = q - x. What is the tens digit of h?
3
Suppose -j - 4*o + 8 = -2*j, 5*j - 23 = -o. Suppose -j*z = -2*z - 128. Suppose g - 13 = 4*r - 127, 4*g + z = 2*r. What is the units digit of r?
8
Suppose -3*k + 40 = -3*m + 10, m + 28 = 4*k. Let p(f) = 19*f**2 - 4*f + 34. What is the units digit of p(k)?
4
Let s(y) = y**2 - 11*y - 17. Let w be s(12). Let a be (-4)/(w + 2 - -1)*7. What is the tens digit of 4/a - (-4)/(84/2283)?
0
What is the units digit of 40/416 + 1/(-4) + (-1487352)/(-312)?
7
Let c = 23649 - -17038. What is the units digit of c?
7
Let h be 6/2*(-4)/(-2). Let j be 13/2*(-4068)/(-2938). Suppose -j*l + h*l = -792. What is the units digit of l?
4
Let s(o) be the second derivative of 2*o**3/3 + 15*o**2/2 - 2*o + 2. Let x be s(-4). What is the tens digit of (9/2 - 5)/(x/58)?
2
Suppose -17 - 3 = -5*a, 4*a - 16066 = -5*p. What is the hundreds digit of p?
2
Suppose -1315051 = -107*o + 294852 + 1521024. What is the hundreds digit of o?
2
Let k(u) = 22*u + 32. Let h be k(-44). Let w = h + 1877. What is the hundreds digit of w?
9
Suppose -2*b = -18*b - 16*b. What is the units digit of (b - 191/(-2))/((-369)/(-4428))?
6
Let g(s) = -s**3 - 5*s**2 + 9*s - 7. Let o = -18 - -42. Suppose 20*w = 17*w - o. What is the units digit of g(w)?
3
Let h(s) = -7*s - 54. Let i be h(-8). Let w(o) = 39*o**2 - 8*o + 19. What is the tens digit of w(i)?
5
Let t = -10 - -18. Suppose -2*d - 2 = -6*d - u, -d + 4*u = t. Let b(v) = -v**3 - v**2 - v + 4. What is the units digit of b(d)?
4
Let z(y) = -y**3 - 4*y**2 + y + 183. Let h be z(0). What is the units digit of -1 + (1 - (0 - h))?
3
Let n be (-40)/(-6) + (-1)/(-3). Let w(b) = 16*b + 105. Let d be w(-6). Suppose -n*p - 50 = -d*p. What is the tens digit of p?
2
Let u = -375 + 646. Suppose -f = 4*h - 400 - u, -20 = 4*h. What is the hundreds digit of f?
6
What is the thousands digit of -8*(8 + (-36234)/18)?
6
Suppose 3*y - 6142 = -22*g + 23*g, -2*y = 2*g - 4092. What is the tens digit of y?
4
Let a(n) = -348*n + 6062. What is the tens digit of a(8)?
7
Let r = 17572 + -9142. What is the thousands digit of r?
8
Suppose 3*o + 19180 = 4*o + 3*c, 2*o = c + 38395. What is the thousands digit of o?
9
Suppose -25 = 5*a - 20. What is the tens digit of (-14 - -15) + 792 + a?
9
Let n(d) = 1. Let v(f) = -3*f - 20. Let i(b) = -6*n(b) + v(b). Let r be i(-11). Let p(q) = -q**3 + 9*q**2 - 4*q - 2. What is the tens digit of p(r)?
6
Let t = 4708 + -150. What is the thousands digit of t?
4
Let m(v) = 347*v**2 + 555*v + 9. What is the thousands digit of m(5)?
1
Suppose 3*p = -f + 19640, 3*f + 4*p = 3*p + 58872. What is the ten thousands digit of f?
1
Let l be 0 + 1 - 24/(-4). Let f(a) = 35*a - 11. What is the units digit of f(l)?
4
What is the units digit of 15309/2 + 651/434?
6
Let y be -8*(-6)/12*44. Let i = 6 + -2. Suppose -2*j - y = -i*j. What is the tens digit of j?
8
Let b be 3 - ((-55)/(-10))/(2/(-40)). Suppose 0 = -110*x + b*x - 600. What is the units digit of x?
0
Let g be (-2)/1 - 9/(18/(-4)). Suppose g = -5*s + 2*k + 4434, -2*s + 0*s - 4*k = -1788. What is the tens digit of s?
8
Suppose 0 = 4*m - 5*q - 10087, -5*m + 7818 + 4802 = 5*q. What is the thousands digi